{"id":137,"date":"2020-07-24T16:47:42","date_gmt":"2020-07-24T14:47:42","guid":{"rendered":"https:\/\/www.vertou-rugby13.fr\/?page_id=137"},"modified":"2023-08-29T22:59:10","modified_gmt":"2023-08-29T20:59:10","slug":"partenaires","status":"publish","type":"page","link":"https:\/\/www.vertou-rugby13.fr\/index.php\/partenaires\/","title":{"rendered":"Partenaires"},"content":{"rendered":"\n<div class=\"wp-block-image\"><figure class=\"aligncenter size-large\"><img loading=\"lazy\" width=\"937\" height=\"367\" src=\"https:\/\/www.vertou-rugby13.fr\/wp-content\/uploads\/2023\/08\/WhatsApp-Image-2023-08-29-at-22.13.06.jpeg\" alt=\"\" class=\"wp-image-1082\" srcset=\"https:\/\/www.vertou-rugby13.fr\/wp-content\/uploads\/2023\/08\/WhatsApp-Image-2023-08-29-at-22.13.06.jpeg 937w, https:\/\/www.vertou-rugby13.fr\/wp-content\/uploads\/2023\/08\/WhatsApp-Image-2023-08-29-at-22.13.06-300x118.jpeg 300w, https:\/\/www.vertou-rugby13.fr\/wp-content\/uploads\/2023\/08\/WhatsApp-Image-2023-08-29-at-22.13.06-768x301.jpeg 768w, https:\/\/www.vertou-rugby13.fr\/wp-content\/uploads\/2023\/08\/WhatsApp-Image-2023-08-29-at-22.13.06-128x50.jpeg 128w, https:\/\/www.vertou-rugby13.fr\/wp-content\/uploads\/2023\/08\/WhatsApp-Image-2023-08-29-at-22.13.06-32x13.jpeg 32w, https:\/\/www.vertou-rugby13.fr\/wp-content\/uploads\/2023\/08\/WhatsApp-Image-2023-08-29-at-22.13.06-600x235.jpeg 600w\" sizes=\"(max-width: 937px) 100vw, 937px\" \/><\/figure><\/div>\n\n\n\n<p>Camrem factory<\/p>\n\n\n\n<p>CamRem Factory est une soci\u00e9t\u00e9 de conseils en transformation et strat\u00e9gie digitale, sp\u00e9cialis\u00e9e dans le monde de la sant\u00e9 et mets \u00e0 disposition pour ses clients :<\/p>\n\n\n\n<ul><li>une expertise digitale au service  de la strat\u00e9gie choisie<\/li><li>une offre compl\u00e8te au service des objectifs d\u00e9finis<\/li><li>un savoir-faire dans la communication<\/li><\/ul>\n\n\n\n<p>Merci \u00e0 R\u00e9my pour son soutien <\/p>\n\n\n\n<figure class=\"wp-block-image size-large\"><img loading=\"lazy\" width=\"867\" height=\"1156\" src=\"https:\/\/www.vertou-rugby13.fr\/wp-content\/uploads\/2023\/08\/image-1-edited.png\" alt=\"\" class=\"wp-image-1085\" srcset=\"https:\/\/www.vertou-rugby13.fr\/wp-content\/uploads\/2023\/08\/image-1-edited.png 867w, https:\/\/www.vertou-rugby13.fr\/wp-content\/uploads\/2023\/08\/image-1-edited-225x300.png 225w, https:\/\/www.vertou-rugby13.fr\/wp-content\/uploads\/2023\/08\/image-1-edited-768x1024.png 768w, https:\/\/www.vertou-rugby13.fr\/wp-content\/uploads\/2023\/08\/image-1-edited-96x128.png 96w, https:\/\/www.vertou-rugby13.fr\/wp-content\/uploads\/2023\/08\/image-1-edited-24x32.png 24w, https:\/\/www.vertou-rugby13.fr\/wp-content\/uploads\/2023\/08\/image-1-edited-600x800.png 600w\" sizes=\"(max-width: 867px) 100vw, 867px\" \/><\/figure>\n\n\n\n<div class=\"wp-block-image\"><figure class=\"aligncenter size-large is-resized\"><img loading=\"lazy\" src=\"https:\/\/www.vertou-rugby13.fr\/wp-content\/uploads\/2021\/09\/CRV-logo.png\" alt=\"\" class=\"wp-image-905\" width=\"234\" height=\"111\" srcset=\"https:\/\/www.vertou-rugby13.fr\/wp-content\/uploads\/2021\/09\/CRV-logo.png 256w, https:\/\/www.vertou-rugby13.fr\/wp-content\/uploads\/2021\/09\/CRV-logo-128x61.png 128w, https:\/\/www.vertou-rugby13.fr\/wp-content\/uploads\/2021\/09\/CRV-logo-32x15.png 32w\" sizes=\"(max-width: 234px) 100vw, 234px\" \/><\/figure><\/div>\n\n\n\n<p>Construction et r\u00e9novation de maison et b\u00e2timent en Loire Atlantique<\/p>\n\n\n\n<p>CRV, entreprise de construction, r\u00e9novation, ma\u00e7onnerie \u00e0 Nantes Coueron (Loire Atlantique, 44). L\u2019\u00e9quipe de ma\u00e7ons intervient pour construction de maison neuve, de b\u00e2timent industriel, ma\u00e7onnerie et gros \u0153uvre, frangement,&nbsp;extension de maison, habillage de mur en pierre, am\u00e9nagement de piscine, cr\u00e9ation de terrasse, r\u00e9novation int\u00e9rieure, pose de placo, r\u00e9sine de sol, b\u00e9ton d\u00e9coratif. Merci \u00e0 Franck et son \u00e9quipe pour leur travail de Pro<\/p>\n\n\n\n<p>Plus d&rsquo;informations sur <a href=\"https:\/\/www.crv44.com\/\">https:\/\/www.crv44.com\/<\/a><\/p>\n\n\n\n<div class=\"wp-block-image is-style-default\"><figure class=\"aligncenter size-large is-resized\"><img loading=\"lazy\" src=\"https:\/\/www.vertou-rugby13.fr\/wp-content\/uploads\/2021\/09\/LOGO-ALC.png\" alt=\"\" class=\"wp-image-907\" width=\"333\" height=\"204\" srcset=\"https:\/\/www.vertou-rugby13.fr\/wp-content\/uploads\/2021\/09\/LOGO-ALC.png 932w, https:\/\/www.vertou-rugby13.fr\/wp-content\/uploads\/2021\/09\/LOGO-ALC-600x368.png 600w, https:\/\/www.vertou-rugby13.fr\/wp-content\/uploads\/2021\/09\/LOGO-ALC-300x184.png 300w, https:\/\/www.vertou-rugby13.fr\/wp-content\/uploads\/2021\/09\/LOGO-ALC-768x471.png 768w, https:\/\/www.vertou-rugby13.fr\/wp-content\/uploads\/2021\/09\/LOGO-ALC-128x78.png 128w, https:\/\/www.vertou-rugby13.fr\/wp-content\/uploads\/2021\/09\/LOGO-ALC-32x20.png 32w\" sizes=\"(max-width: 333px) 100vw, 333px\" \/><\/figure><\/div>\n\n\n\n<div class=\"wp-block-image\"><figure class=\"aligncenter size-large is-resized\"><img loading=\"lazy\" src=\"https:\/\/www.vertou-rugby13.fr\/wp-content\/uploads\/2022\/07\/thumbnail_IMG_6921-1024x768.jpg\" alt=\"\" class=\"wp-image-948\" width=\"383\" height=\"287\" srcset=\"https:\/\/www.vertou-rugby13.fr\/wp-content\/uploads\/2022\/07\/thumbnail_IMG_6921-1024x768.jpg 1024w, https:\/\/www.vertou-rugby13.fr\/wp-content\/uploads\/2022\/07\/thumbnail_IMG_6921-300x225.jpg 300w, https:\/\/www.vertou-rugby13.fr\/wp-content\/uploads\/2022\/07\/thumbnail_IMG_6921-768x576.jpg 768w, https:\/\/www.vertou-rugby13.fr\/wp-content\/uploads\/2022\/07\/thumbnail_IMG_6921-128x96.jpg 128w, https:\/\/www.vertou-rugby13.fr\/wp-content\/uploads\/2022\/07\/thumbnail_IMG_6921-32x24.jpg 32w, https:\/\/www.vertou-rugby13.fr\/wp-content\/uploads\/2022\/07\/thumbnail_IMG_6921-600x450.jpg 600w, https:\/\/www.vertou-rugby13.fr\/wp-content\/uploads\/2022\/07\/thumbnail_IMG_6921.jpg 1280w\" sizes=\"(max-width: 383px) 100vw, 383px\" \/><\/figure><\/div>\n\n\n\n<p>L\u2019entreprise&nbsp;<strong>ALC DOUILLARD<\/strong>&nbsp;est implant\u00e9e en&nbsp;<strong>Vend\u00e9e<\/strong>&nbsp;\u00e0 L\u2019<strong>Herbergement<\/strong>.<\/p>\n\n\n\n<p>Apr\u00e8s une formation de&nbsp;<strong>charpentier<\/strong>&nbsp;chez les&nbsp;<strong>compagnons du devoir<\/strong>, Aimery Le Conte a travaill\u00e9 pendant 8 ans dans diff\u00e9rentes entreprises, et s\u2019est sp\u00e9cialis\u00e9 dans la&nbsp;<strong>restauration de monuments historiques<\/strong>. C\u2019est en octobre 2017 qu\u2019il rach\u00e8te la&nbsp;<strong>menuiserie Douillard<\/strong>&nbsp; qui devient alors la soci\u00e9t\u00e9&nbsp;<strong>ALC DOUILLARD<\/strong>.<\/p>\n\n\n\n<p>Faites appel aux comp\u00e9tences d\u2019ALC Douillard afin d\u2019obtenir des r\u00e9sultats qui correspondent \u00e0 vos attentes.&nbsp;<\/p>\n\n\n\n<p>Plus d&rsquo;informations sur https:\/\/www.alc-douillard.fr\/<\/p>\n\n\n\n<div class=\"wp-block-image\"><figure class=\"aligncenter size-large is-resized\"><img loading=\"lazy\" src=\"https:\/\/www.vertou-rugby13.fr\/wp-content\/uploads\/2022\/07\/LCA-Logo-U9-verso.jpg\" alt=\"\" class=\"wp-image-943\" width=\"211\" height=\"179\" srcset=\"https:\/\/www.vertou-rugby13.fr\/wp-content\/uploads\/2022\/07\/LCA-Logo-U9-verso.jpg 500w, https:\/\/www.vertou-rugby13.fr\/wp-content\/uploads\/2022\/07\/LCA-Logo-U9-verso-300x256.jpg 300w, https:\/\/www.vertou-rugby13.fr\/wp-content\/uploads\/2022\/07\/LCA-Logo-U9-verso-128x109.jpg 128w, https:\/\/www.vertou-rugby13.fr\/wp-content\/uploads\/2022\/07\/LCA-Logo-U9-verso-32x27.jpg 32w\" sizes=\"(max-width: 211px) 100vw, 211px\" \/><\/figure><\/div>\n\n\n\n<p>Envie de tout&nbsp;<strong>changer&nbsp;<\/strong>?&nbsp;<strong>D\u2019agrandir&nbsp;<\/strong>? De&nbsp;<strong>redistribuer&nbsp;<\/strong>les espaces ? De&nbsp;<strong>r\u00e9nover&nbsp;<\/strong>votre&nbsp;<strong>cuisine&nbsp;&nbsp;<\/strong>ou votre&nbsp;<strong>salle de bain<\/strong>&nbsp;? Votre&nbsp;<strong>appartement&nbsp;<\/strong>? Nous vous conseillons dans votre&nbsp;<strong>projet&nbsp;<\/strong>et r\u00e9alisons tous vos&nbsp;<strong>travaux d\u2019int\u00e9rieur.&nbsp;<\/strong>Faites appel \u00e0 Arnaud pour votre chantier<\/p>\n\n\n\n<p>Plus d&rsquo;info sur <a href=\"https:\/\/leschantiersdarnaud.fr\/\">https:\/\/leschantiersdarnaud.fr\/<\/a><\/p>\n\n\n\n<div class=\"wp-block-image\"><figure class=\"aligncenter size-large is-resized\"><img loading=\"lazy\" src=\"https:\/\/www.vertou-rugby13.fr\/wp-content\/uploads\/2022\/07\/FMMS2-Uc-recto-poitrine.png\" alt=\"\" class=\"wp-image-944\" width=\"296\" height=\"297\" srcset=\"https:\/\/www.vertou-rugby13.fr\/wp-content\/uploads\/2022\/07\/FMMS2-Uc-recto-poitrine.png 840w, https:\/\/www.vertou-rugby13.fr\/wp-content\/uploads\/2022\/07\/FMMS2-Uc-recto-poitrine-300x300.png 300w, https:\/\/www.vertou-rugby13.fr\/wp-content\/uploads\/2022\/07\/FMMS2-Uc-recto-poitrine-150x150.png 150w, https:\/\/www.vertou-rugby13.fr\/wp-content\/uploads\/2022\/07\/FMMS2-Uc-recto-poitrine-768x770.png 768w, https:\/\/www.vertou-rugby13.fr\/wp-content\/uploads\/2022\/07\/FMMS2-Uc-recto-poitrine-128x128.png 128w, https:\/\/www.vertou-rugby13.fr\/wp-content\/uploads\/2022\/07\/FMMS2-Uc-recto-poitrine-32x32.png 32w, https:\/\/www.vertou-rugby13.fr\/wp-content\/uploads\/2022\/07\/FMMS2-Uc-recto-poitrine-600x601.png 600w, https:\/\/www.vertou-rugby13.fr\/wp-content\/uploads\/2022\/07\/FMMS2-Uc-recto-poitrine-100x100.png 100w\" sizes=\"(max-width: 296px) 100vw, 296px\" \/><\/figure><\/div>\n\n\n\n<p>Franck et son \u00e9quipe accompagne les entreprises sur deux grands piliers:<\/p>\n\n\n\n<ul><li><strong>les th\u00e9matiques d&rsquo;organisation et gestio<\/strong><strong>n <\/strong>(Projet, Change, Process, Data, Risques) en mode PMO comme service externalis\u00e9 \/ prestation de service;<\/li><li>la <strong>formation<\/strong> pour les managers <strong>sur les<\/strong><strong> outils IT de base +<\/strong><strong>posture manag<\/strong><strong>\u00e9<\/strong><strong>riale <\/strong><strong>et<\/strong><strong> soft skills<\/strong>, avec la m\u00e9thode \u00ab\u00a0The Manager Maestro\u00a0\u00bb.<\/li><\/ul>\n\n\n\n<p>Nous avons aussi un pack sp\u00e9cifique pour <strong>accompagner les Start Up<\/strong> en France ou Italie.<\/p>\n\n\n\n<p>Plus d&rsquo;informations sur <a href=\"https:\/\/www.frankmoms.com\/fra\">https:\/\/www.frankmoms.com\/fra<\/a><\/p>\n\n\n\n<div class=\"wp-block-image\"><figure class=\"aligncenter size-large is-resized\"><img loading=\"lazy\" src=\"https:\/\/www.vertou-rugby13.fr\/wp-content\/uploads\/2021\/10\/1200px-Trelleborg_Unternehmen_logo.svg_-1024x440.png\" alt=\"\" class=\"wp-image-918\" width=\"388\" height=\"166\" srcset=\"https:\/\/www.vertou-rugby13.fr\/wp-content\/uploads\/2021\/10\/1200px-Trelleborg_Unternehmen_logo.svg_-1024x440.png 1024w, https:\/\/www.vertou-rugby13.fr\/wp-content\/uploads\/2021\/10\/1200px-Trelleborg_Unternehmen_logo.svg_-300x129.png 300w, https:\/\/www.vertou-rugby13.fr\/wp-content\/uploads\/2021\/10\/1200px-Trelleborg_Unternehmen_logo.svg_-768x330.png 768w, https:\/\/www.vertou-rugby13.fr\/wp-content\/uploads\/2021\/10\/1200px-Trelleborg_Unternehmen_logo.svg_-128x55.png 128w, https:\/\/www.vertou-rugby13.fr\/wp-content\/uploads\/2021\/10\/1200px-Trelleborg_Unternehmen_logo.svg_-32x14.png 32w, https:\/\/www.vertou-rugby13.fr\/wp-content\/uploads\/2021\/10\/1200px-Trelleborg_Unternehmen_logo.svg_-600x258.png 600w, https:\/\/www.vertou-rugby13.fr\/wp-content\/uploads\/2021\/10\/1200px-Trelleborg_Unternehmen_logo.svg_.png 1200w\" sizes=\"(max-width: 388px) 100vw, 388px\" \/><\/figure><\/div>\n\n\n\n<p>Nous sommes fi\u00e8res d&rsquo;avoir comme partenaire une multinationale comme TRELLEBORG BOOTS, un des leaders mondial des  joints de transmission automobile. <\/p>\n\n\n\n<p>Plus d&rsquo;informations sur <a href=\"https:\/\/www.trelleborg.com\/en\/boots\">https:\/\/www.trelleborg.com\/en\/boots<\/a><\/p>\n\n\n\n<div class=\"wp-block-image\"><figure class=\"aligncenter size-large\"><img loading=\"lazy\" width=\"254\" height=\"198\" src=\"https:\/\/www.vertou-rugby13.fr\/wp-content\/uploads\/2021\/09\/Ose-mets-vins.png\" alt=\"\" class=\"wp-image-906\" srcset=\"https:\/\/www.vertou-rugby13.fr\/wp-content\/uploads\/2021\/09\/Ose-mets-vins.png 254w, https:\/\/www.vertou-rugby13.fr\/wp-content\/uploads\/2021\/09\/Ose-mets-vins-128x100.png 128w, https:\/\/www.vertou-rugby13.fr\/wp-content\/uploads\/2021\/09\/Ose-mets-vins-32x25.png 32w\" sizes=\"(max-width: 254px) 100vw, 254px\" \/><\/figure><\/div>\n\n\n\n<p><a href=\"https:\/\/www.facebook.com\/osemetsvins\/?__cft__[0]=AZVOeQDWi1VjfKMSrsCOcML8ZNQPZOThrUZO4I1ekZ0ldkZEw6Dydn9PDvA4CHKMdzeQ7TPqn7GWbMNJcPHYGS9GKzJOuRPPbWRPFdu8iZ6zsMEqG2M2PvcAp4cSES9p4Xr3A_UWswrRUOyWsV1ckr7cRc56GqXr_zK_vjO7Y8t7K76HciNJNhBaN4OhngGae6w&amp;__tn__=kK-R\">Ose Mets Vins<\/a> ! La meilleure cave du 44 ! Un tr\u00e8s bon endroit pour d\u00e9jeuner aussi ! Demandez au patron sa meilleure bouteille et dites que vous venez de la part de <a href=\"https:\/\/www.facebook.com\/groups\/www.vertourugby13.fr\/?__cft__[0]=AZVOeQDWi1VjfKMSrsCOcML8ZNQPZOThrUZO4I1ekZ0ldkZEw6Dydn9PDvA4CHKMdzeQ7TPqn7GWbMNJcPHYGS9GKzJOuRPPbWRPFdu8iZ6zsMEqG2M2PvcAp4cSES9p4Xr3A_UWswrRUOyWsV1ckr7cRc56GqXr_zK_vjO7Y8t7K76HciNJNhBaN4OhngGae6w&amp;__tn__=-UK-R\">Vertou XIII Rugby (officiel)<\/a> et je suis sur qu&rsquo;il vous trouvera la perle rare !<\/p>\n\n\n\n<p>Plus d&rsquo;informations sur <a href=\"https:\/\/osemetsvins.fr\/\">https:\/\/osemetsvins.fr\/<\/a><\/p>\n\n\n\n<iframe src=\"https:\/\/www.google.com\/maps\/embed?pb=!1m14!1m8!1m3!1d10847.39282209732!2d-1.4992657!3d47.1804085!3m2!1i1024!2i768!4f13.1!3m3!1m2!1s0x0%3A0x2986a71289415551!2sCave%20Ose%20Mets%20Vins!5e0!3m2!1sfr!2sfr!4v1657565793325!5m2!1sfr!2sfr\" width=\"600\" height=\"450\" style=\"border:0;\" allowfullscreen=\"\" loading=\"lazy\" referrerpolicy=\"no-referrer-when-downgrade\"><\/iframe>\n\n\n\n<p><\/p>\n\n\n\n<div class=\"wp-block-image\"><figure class=\"aligncenter size-large is-resized\"><img loading=\"lazy\" src=\"https:\/\/www.vertou-rugby13.fr\/wp-content\/uploads\/2020\/07\/Iad-Vertoub-resized.png\" alt=\"\" class=\"wp-image-176\" width=\"186\" height=\"186\" srcset=\"https:\/\/www.vertou-rugby13.fr\/wp-content\/uploads\/2020\/07\/Iad-Vertoub-resized.png 250w, https:\/\/www.vertou-rugby13.fr\/wp-content\/uploads\/2020\/07\/Iad-Vertoub-resized-100x100.png 100w, https:\/\/www.vertou-rugby13.fr\/wp-content\/uploads\/2020\/07\/Iad-Vertoub-resized-150x150.png 150w, https:\/\/www.vertou-rugby13.fr\/wp-content\/uploads\/2020\/07\/Iad-Vertoub-resized-128x128.png 128w, https:\/\/www.vertou-rugby13.fr\/wp-content\/uploads\/2020\/07\/Iad-Vertoub-resized-32x32.png 32w\" sizes=\"(max-width: 186px) 100vw, 186px\" \/><\/figure><\/div>\n\n\n\n<p>IAD Immobilier (Fabien Valenti le meilleur agent immobilier sur Vertou !! et qui sera \u00e9galement l&rsquo;entraineur des U9 en ma compagnie. <\/p>\n\n\n\n<pre class=\"wp-block-preformatted\"><iframe src=\"https:\/\/www.google.com\/maps\/embed?pb=!1m14!1m8!1m3!1d10848.17087099629!2d-1.4459772!3d47.1766002!3m2!1i1024!2i768!4f13.1!3m3!1m2!1s0x0%3A0x9a09c090a99a4b66!2sFabien%20VALENTI%20IADFrance%20Conseiller%20En%20Immobilier!5e0!3m2!1sfr!2sfr!4v1596028454036!5m2!1sfr!2sfr\" width=\"400\" height=\"300\" frameborder=\"0\" style=\"border:0;\" allowfullscreen=\"\" aria-hidden=\"false\" tabindex=\"0\"><\/iframe><\/pre>\n\n\n\n<div class=\"wp-block-image\"><figure class=\"aligncenter size-large\"><img loading=\"lazy\" width=\"250\" height=\"250\" src=\"https:\/\/www.vertou-rugby13.fr\/wp-content\/uploads\/2020\/07\/decathlon.png\" alt=\"\" class=\"wp-image-179\" srcset=\"https:\/\/www.vertou-rugby13.fr\/wp-content\/uploads\/2020\/07\/decathlon.png 250w, https:\/\/www.vertou-rugby13.fr\/wp-content\/uploads\/2020\/07\/decathlon-100x100.png 100w, https:\/\/www.vertou-rugby13.fr\/wp-content\/uploads\/2020\/07\/decathlon-150x150.png 150w, https:\/\/www.vertou-rugby13.fr\/wp-content\/uploads\/2020\/07\/decathlon-128x128.png 128w, https:\/\/www.vertou-rugby13.fr\/wp-content\/uploads\/2020\/07\/decathlon-32x32.png 32w\" sizes=\"(max-width: 250px) 100vw, 250px\" \/><\/figure><\/div>\n\n\n\n<p>Decathlon Vertou : 10% de r\u00e9ductions sur les rayons sports collectifs du magasin pour tous nos adh\u00e9rents.<\/p>\n\n\n\n<pre class=\"wp-block-preformatted\"><iframe src=\"https:\/\/www.google.com\/maps\/embed?pb=!1m18!1m12!1m3!1d17096.310269348127!2d-1.50267913098888!3d47.17722226808094!2m3!1f0!2f0!3f0!3m2!1i1024!2i768!4f13.1!3m3!1m2!1s0x0%3A0xc0bf333015e9587e!2sDecathlon%20Nantes%20Vertou!5e0!3m2!1sfr!2sfr!4v1596028530906!5m2!1sfr!2sfr\" width=\"400\" height=\"300\" frameborder=\"0\" style=\"border:0;\" allowfullscreen=\"\" aria-hidden=\"false\" tabindex=\"0\"><\/iframe><\/pre>\n\n\n\n<div class=\"wp-block-image\"><figure class=\"aligncenter size-large\"><img loading=\"lazy\" width=\"250\" height=\"250\" src=\"https:\/\/www.vertou-rugby13.fr\/wp-content\/uploads\/2020\/07\/BN-resize.png\" alt=\"\" class=\"wp-image-178\" srcset=\"https:\/\/www.vertou-rugby13.fr\/wp-content\/uploads\/2020\/07\/BN-resize.png 250w, https:\/\/www.vertou-rugby13.fr\/wp-content\/uploads\/2020\/07\/BN-resize-100x100.png 100w, https:\/\/www.vertou-rugby13.fr\/wp-content\/uploads\/2020\/07\/BN-resize-150x150.png 150w, https:\/\/www.vertou-rugby13.fr\/wp-content\/uploads\/2020\/07\/BN-resize-128x128.png 128w, https:\/\/www.vertou-rugby13.fr\/wp-content\/uploads\/2020\/07\/BN-resize-32x32.png 32w\" sizes=\"(max-width: 250px) 100vw, 250px\" \/><\/figure><\/div>\n\n\n\n<p>BN : Continuera \u00e0 r\u00e9galer nos petits apr\u00e8s les entrainements&nbsp;<img alt=\"\ud83d\ude09\" src=\"https:\/\/mail.google.com\/mail\/e\/1f609\"><\/p>\n\n\n\n<pre class=\"wp-block-preformatted\"><iframe src=\"https:\/\/www.google.com\/maps\/embed?pb=!1m14!1m8!1m3!1d10847.159539058859!2d-1.4973854!3d47.1815503!3m2!1i1024!2i768!4f13.1!3m3!1m2!1s0x0%3A0xcded96405dd3fb6d!2sB.N.%20United%20Biscuits%20France!5e0!3m2!1sfr!2sfr!4v1596028816820!5m2!1sfr!2sfr\" width=\"400\" height=\"300\" frameborder=\"0\" style=\"border:0;\" allowfullscreen=\"\" aria-hidden=\"false\" tabindex=\"0\"><\/iframe><\/pre>\n\n\n\n<div class=\"wp-block-image\"><figure class=\"aligncenter size-large\"><img loading=\"lazy\" width=\"250\" height=\"250\" src=\"https:\/\/www.vertou-rugby13.fr\/wp-content\/uploads\/2020\/07\/happypole-resized.png\" alt=\"\" class=\"wp-image-175\" srcset=\"https:\/\/www.vertou-rugby13.fr\/wp-content\/uploads\/2020\/07\/happypole-resized.png 250w, https:\/\/www.vertou-rugby13.fr\/wp-content\/uploads\/2020\/07\/happypole-resized-100x100.png 100w, https:\/\/www.vertou-rugby13.fr\/wp-content\/uploads\/2020\/07\/happypole-resized-150x150.png 150w, https:\/\/www.vertou-rugby13.fr\/wp-content\/uploads\/2020\/07\/happypole-resized-128x128.png 128w, https:\/\/www.vertou-rugby13.fr\/wp-content\/uploads\/2020\/07\/happypole-resized-32x32.png 32w\" sizes=\"(max-width: 250px) 100vw, 250px\" \/><\/figure><\/div>\n\n\n\n<p>Happy Pole Vertou : Restaurant\/ pub tr\u00e8s sympathique situ\u00e9 \u00e0 c\u00f4t\u00e9 de maison DV derri\u00e8re Bistrot R\u00e9gent (route de Clisson) bien connu par nos Loisirs qui aiment aller se d\u00e9salt\u00e9rer apr\u00e8s les entrainements.<\/p>\n\n\n\n<pre class=\"wp-block-preformatted\"><iframe src=\"https:\/\/www.google.com\/maps\/embed?pb=!1m14!1m8!1m3!1d10846.522003455677!2d-1.4614549!3d47.1846706!3m2!1i1024!2i768!4f13.1!3m3!1m2!1s0x0%3A0xa4b968ec8df4d9a0!2sHappy%20pole!5e0!3m2!1sfr!2sfr!4v1596028905742!5m2!1sfr!2sfr\" width=\"400\" height=\"300\" frameborder=\"0\" style=\"border:0;\" allowfullscreen=\"\" aria-hidden=\"false\" tabindex=\"0\"><\/iframe><\/pre>\n\n\n\n<div class=\"wp-block-image\"><figure class=\"aligncenter size-large\"><img loading=\"lazy\" width=\"250\" height=\"250\" src=\"https:\/\/www.vertou-rugby13.fr\/wp-content\/uploads\/2020\/07\/FFR-13.jpg\" alt=\"\" class=\"wp-image-174\" srcset=\"https:\/\/www.vertou-rugby13.fr\/wp-content\/uploads\/2020\/07\/FFR-13.jpg 250w, https:\/\/www.vertou-rugby13.fr\/wp-content\/uploads\/2020\/07\/FFR-13-100x100.jpg 100w, https:\/\/www.vertou-rugby13.fr\/wp-content\/uploads\/2020\/07\/FFR-13-150x150.jpg 150w, https:\/\/www.vertou-rugby13.fr\/wp-content\/uploads\/2020\/07\/FFR-13-128x128.jpg 128w, https:\/\/www.vertou-rugby13.fr\/wp-content\/uploads\/2020\/07\/FFR-13-32x32.jpg 32w\" sizes=\"(max-width: 250px) 100vw, 250px\" \/><\/figure><\/div>\n\n\n\n<p>la FFRXIII propose un syst\u00e8me de parrainage si un U5 \u00e0 U13 ram\u00e8ne un copain\/copine au rugby , il b\u00e9n\u00e9ficiera de 25\u20ac de bon d&rsquo;achat sur le site only rugby et pour les U15\/U17 le montant du bon d&rsquo;achat est de 65\u20ac sur ce m\u00eame site.<\/p>\n\n\n\n<div class=\"wp-block-image\"><figure class=\"aligncenter size-large\"><img loading=\"lazy\" width=\"250\" height=\"250\" src=\"https:\/\/www.vertou-rugby13.fr\/wp-content\/uploads\/2020\/07\/Vertou-resized.png\" alt=\"\" class=\"wp-image-177\" srcset=\"https:\/\/www.vertou-rugby13.fr\/wp-content\/uploads\/2020\/07\/Vertou-resized.png 250w, https:\/\/www.vertou-rugby13.fr\/wp-content\/uploads\/2020\/07\/Vertou-resized-100x100.png 100w, https:\/\/www.vertou-rugby13.fr\/wp-content\/uploads\/2020\/07\/Vertou-resized-150x150.png 150w, https:\/\/www.vertou-rugby13.fr\/wp-content\/uploads\/2020\/07\/Vertou-resized-128x128.png 128w, https:\/\/www.vertou-rugby13.fr\/wp-content\/uploads\/2020\/07\/Vertou-resized-32x32.png 32w\" sizes=\"(max-width: 250px) 100vw, 250px\" \/><\/figure><\/div>\n\n\n\n<p>Ville de VERTOU qui s&rsquo;occupe d&rsquo;entretenir notre terrain et nous subventionne.<\/p>\n\n\n\n<p><\/p>\n","protected":false},"excerpt":{"rendered":"<p>Camrem factory CamRem Factory est une soci\u00e9t\u00e9 de conseils en transformation et strat\u00e9gie digitale, sp\u00e9cialis\u00e9e dans le monde de la sant\u00e9 et mets \u00e0 disposition pour ses clients : une expertise digitale au service de la strat\u00e9gie choisie une offre compl\u00e8te au service des objectifs d\u00e9finis un savoir-faire dans la communication Merci \u00e0 R\u00e9my pour [&hellip;]<\/p>\n","protected":false},"author":1,"featured_media":0,"parent":0,"menu_order":0,"comment_status":"closed","ping_status":"closed","template":"","meta":[],"yoast_head":"<!-- This site is optimized with the Yoast SEO plugin v15.4 - https:\/\/yoast.com\/wordpress\/plugins\/seo\/ -->\n<title>Partenaires - Vertou rugby 13<\/title>\n<meta name=\"robots\" content=\"index, follow, max-snippet:-1, max-image-preview:large, max-video-preview:-1\" \/>\n<link rel=\"canonical\" href=\"https:\/\/www.vertou-rugby13.fr\/index.php\/partenaires\/\" \/>\n<meta property=\"og:locale\" content=\"fr_FR\" \/>\n<meta property=\"og:type\" content=\"article\" \/>\n<meta property=\"og:title\" content=\"Partenaires - Vertou rugby 13\" \/>\n<meta property=\"og:description\" content=\"Camrem factory CamRem Factory est une soci\u00e9t\u00e9 de conseils en transformation et strat\u00e9gie digitale, sp\u00e9cialis\u00e9e dans le monde de la sant\u00e9 et mets \u00e0 disposition pour ses clients : une expertise digitale au service de la strat\u00e9gie choisie une offre compl\u00e8te au service des objectifs d\u00e9finis un savoir-faire dans la communication Merci \u00e0 R\u00e9my pour [&hellip;]\" \/>\n<meta property=\"og:url\" content=\"https:\/\/www.vertou-rugby13.fr\/index.php\/partenaires\/\" \/>\n<meta property=\"og:site_name\" content=\"Vertou rugby 13\" \/>\n<meta property=\"article:publisher\" content=\"https:\/\/www.facebook.com\/groups\/108245729237551\" \/>\n<meta property=\"article:modified_time\" content=\"2023-08-29T20:59:10+00:00\" \/>\n<meta property=\"og:image\" content=\"https:\/\/www.vertou-rugby13.fr\/wp-content\/uploads\/2023\/08\/WhatsApp-Image-2023-08-29-at-22.13.06.jpeg\" \/>\n<meta name=\"twitter:card\" content=\"summary_large_image\" \/>\n<meta name=\"twitter:label1\" content=\"\u00c9crit par\">\n\t<meta name=\"twitter:data1\" content=\"admin3858\">\n\t<meta name=\"twitter:label2\" content=\"Dur\u00e9e de lecture est.\">\n\t<meta name=\"twitter:data2\" content=\"3 minutes\">\n<script type=\"application\/ld+json\" class=\"yoast-schema-graph\">{\"@context\":\"https:\/\/schema.org\",\"@graph\":[{\"@type\":\"Organization\",\"@id\":\"https:\/\/www.vertou-rugby13.fr\/#organization\",\"name\":\"Vertou Rugby 13\",\"url\":\"https:\/\/www.vertou-rugby13.fr\/\",\"sameAs\":[\"https:\/\/www.facebook.com\/groups\/108245729237551\"],\"logo\":{\"@type\":\"ImageObject\",\"@id\":\"https:\/\/www.vertou-rugby13.fr\/#logo\",\"inLanguage\":\"fr-FR\",\"url\":\"https:\/\/www.vertou-rugby13.fr\/wp-content\/uploads\/2020\/07\/Logo-carre.png\",\"width\":1000,\"height\":1000,\"caption\":\"Vertou Rugby 13\"},\"image\":{\"@id\":\"https:\/\/www.vertou-rugby13.fr\/#logo\"}},{\"@type\":\"WebSite\",\"@id\":\"https:\/\/www.vertou-rugby13.fr\/#website\",\"url\":\"https:\/\/www.vertou-rugby13.fr\/\",\"name\":\"Vertou rugby 13\",\"description\":\"\",\"publisher\":{\"@id\":\"https:\/\/www.vertou-rugby13.fr\/#organization\"},\"potentialAction\":[{\"@type\":\"SearchAction\",\"target\":\"https:\/\/www.vertou-rugby13.fr\/?s={search_term_string}\",\"query-input\":\"required name=search_term_string\"}],\"inLanguage\":\"fr-FR\"},{\"@type\":\"ImageObject\",\"@id\":\"https:\/\/www.vertou-rugby13.fr\/index.php\/partenaires\/#primaryimage\",\"inLanguage\":\"fr-FR\",\"url\":\"https:\/\/www.vertou-rugby13.fr\/wp-content\/uploads\/2023\/08\/WhatsApp-Image-2023-08-29-at-22.13.06.jpeg\",\"width\":937,\"height\":367},{\"@type\":\"WebPage\",\"@id\":\"https:\/\/www.vertou-rugby13.fr\/index.php\/partenaires\/#webpage\",\"url\":\"https:\/\/www.vertou-rugby13.fr\/index.php\/partenaires\/\",\"name\":\"Partenaires - Vertou rugby 13\",\"isPartOf\":{\"@id\":\"https:\/\/www.vertou-rugby13.fr\/#website\"},\"primaryImageOfPage\":{\"@id\":\"https:\/\/www.vertou-rugby13.fr\/index.php\/partenaires\/#primaryimage\"},\"datePublished\":\"2020-07-24T14:47:42+00:00\",\"dateModified\":\"2023-08-29T20:59:10+00:00\",\"inLanguage\":\"fr-FR\",\"potentialAction\":[{\"@type\":\"ReadAction\",\"target\":[\"https:\/\/www.vertou-rugby13.fr\/index.php\/partenaires\/\"]}]}]}<\/script>\n<!-- \/ Yoast SEO plugin. -->","_links":{"self":[{"href":"https:\/\/www.vertou-rugby13.fr\/index.php\/wp-json\/wp\/v2\/pages\/137"}],"collection":[{"href":"https:\/\/www.vertou-rugby13.fr\/index.php\/wp-json\/wp\/v2\/pages"}],"about":[{"href":"https:\/\/www.vertou-rugby13.fr\/index.php\/wp-json\/wp\/v2\/types\/page"}],"author":[{"embeddable":true,"href":"https:\/\/www.vertou-rugby13.fr\/index.php\/wp-json\/wp\/v2\/users\/1"}],"replies":[{"embeddable":true,"href":"https:\/\/www.vertou-rugby13.fr\/index.php\/wp-json\/wp\/v2\/comments?post=137"}],"version-history":[{"count":18,"href":"https:\/\/www.vertou-rugby13.fr\/index.php\/wp-json\/wp\/v2\/pages\/137\/revisions"}],"predecessor-version":[{"id":1086,"href":"https:\/\/www.vertou-rugby13.fr\/index.php\/wp-json\/wp\/v2\/pages\/137\/revisions\/1086"}],"wp:attachment":[{"href":"https:\/\/www.vertou-rugby13.fr\/index.php\/wp-json\/wp\/v2\/media?parent=137"}],"curies":[{"name":"wp","href":"https:\/\/api.w.org\/{rel}","templated":true}]}}