{"version":"1.0","provider_name":"Vertou rugby 13","provider_url":"https:\/\/www.vertou-rugby13.fr","author_name":"admin3858","author_url":"https:\/\/www.vertou-rugby13.fr\/index.php\/author\/admin3858\/","title":"U9 - Les Pupilles (8-9 ans) - Vertou rugby 13","type":"rich","width":600,"height":338,"html":"<blockquote class=\"wp-embedded-content\"><a href=\"https:\/\/www.vertou-rugby13.fr\/index.php\/team\/u9-les-pupilles-8-9-ans\/\">U9 &#8211; Les Pupilles (8-9 ans)<\/a><\/blockquote>\n<script type='text\/javascript'>\n<!--\/\/--><![CDATA[\/\/><!--\n\t\t\/*! This file is auto-generated *\/\n\t\t!function(d,l){\"use strict\";var e=!1,n=!1;if(l.querySelector)if(d.addEventListener)e=!0;if(d.wp=d.wp||{},!d.wp.receiveEmbedMessage)if(d.wp.receiveEmbedMessage=function(e){var t=e.data;if(t)if(t.secret||t.message||t.value)if(!\/[^a-zA-Z0-9]\/.test(t.secret)){for(var r,i,a,s=l.querySelectorAll('iframe[data-secret=\"'+t.secret+'\"]'),n=l.querySelectorAll('blockquote[data-secret=\"'+t.secret+'\"]'),o=new RegExp(\"^https?:$\",\"i\"),c=0;c<n.length;c++)n[c].style.display=\"none\";for(c=0;c<s.length;c++)if(r=s[c],e.source===r.contentWindow){if(r.removeAttribute(\"style\"),\"height\"===t.message){if(1e3<(a=parseInt(t.value,10)))a=1e3;else if(~~a<200)a=200;r.height=a}if(\"link\"===t.message)if(i=l.createElement(\"a\"),a=l.createElement(\"a\"),i.href=r.getAttribute(\"src\"),a.href=t.value,o.test(a.protocol))if(a.host===i.host)if(l.activeElement===r)d.top.location.href=t.value}}},e)d.addEventListener(\"message\",d.wp.receiveEmbedMessage,!1),l.addEventListener(\"DOMContentLoaded\",t,!1),d.addEventListener(\"load\",t,!1);function t(){if(!n){n=!0;for(var e,t,r=-1!==navigator.appVersion.indexOf(\"MSIE 10\"),i=!!navigator.userAgent.match(\/Trident.*rv:11\\.\/),a=l.querySelectorAll(\"iframe.wp-embedded-content\"),s=0;s<a.length;s++){if(!(e=a[s]).getAttribute(\"data-secret\"))t=Math.random().toString(36).substr(2,10),e.src+=\"#?secret=\"+t,e.setAttribute(\"data-secret\",t);if(r||i)(t=e.cloneNode(!0)).removeAttribute(\"security\"),e.parentNode.replaceChild(t,e)}}}}(window,document);\n\/\/--><!]]>\n<\/script><iframe sandbox=\"allow-scripts\" security=\"restricted\" src=\"https:\/\/www.vertou-rugby13.fr\/index.php\/team\/u9-les-pupilles-8-9-ans\/embed\/\" width=\"600\" height=\"338\" title=\"\u00ab\u00a0U9 &#8211; Les Pupilles (8-9 ans)\u00a0\u00bb &#8212; Vertou rugby 13\" frameborder=\"0\" marginwidth=\"0\" marginheight=\"0\" scrolling=\"no\" class=\"wp-embedded-content\"><\/iframe>","description":"Les U9, coach\u00e9s par Joey et\u00a0Cl\u00e9ment, transitent du monde des premiers pas tr\u00e8s prot\u00e9g\u00e9s et le monde des poussins o\u00f9 le combat s\u2019engage. Leur but est de renforcer leurs bases (Tenir un ballon, bouger, comprendre la strat\u00e9gie, g\u00e9rer une ligne, s\u2019entendre en \u00e9quipe, \u2026) L&rsquo;entrainement se d\u00e9roule le samedi Samedi de 10h00 \u00e0 11h30","thumbnail_url":"https:\/\/scontent-cdg2-1.xx.fbcdn.net\/v\/t39.30808-6\/285583500_585919429799048_2371475834560032522_n.jpg?_nc_cat=108&amp;ccb=1-7&amp;_nc_sid=5cd70e&amp;_nc_ohc=CyA8hyYXyHAAX8UekOH&amp;_nc_ht=scontent-cdg2-1.xx&amp;oh=00_AT_iMyRF2_Eo9DchuV_GjFrNjG-DwJqG0eNHvk1GBfsgXw&amp;oe=62D0EFF7"}

Les U9, coachés par Joey et Clément, transitent du monde des premiers pas très protégés et le monde des poussins où le combat s’engage. Leur but est de renforcer leurs bases (Tenir un ballon, bouger, comprendre la stratégie, gérer une ligne, s’entendre en équipe, …) L&rsquo;entrainement se déroule le samedi Samedi de 10h00 à 11h30
